{"id":45,"date":"2021-10-19T07:36:28","date_gmt":"2021-10-19T07:36:28","guid":{"rendered":"https:\/\/kits.themecy.com\/memberships-3\/?page_id=45"},"modified":"2024-09-09T18:18:24","modified_gmt":"2024-09-09T18:18:24","slug":"about","status":"publish","type":"page","link":"http:\/\/imeri.al\/index.php\/about\/","title":{"rendered":"About"},"content":{"rendered":"<div class=\"vce-row-container\" data-vce-boxed-width=\"true\"><div class=\"vce-row vce-row--col-gap-30 vce-row-equal-height vce-row-content--top\" id=\"el-d39af13a\" data-vce-do-apply=\"all el-d39af13a\"><div class=\"vce-row-content\" data-vce-element-content=\"true\"><div class=\"vce-col vce-col--md-auto vce-col--xs-1 vce-col--xs-last vce-col--xs-first vce-col--sm-last vce-col--sm-first vce-col--md-last vce-col--lg-last vce-col--xl-last vce-col--md-first vce-col--lg-first vce-col--xl-first\" id=\"el-61f808d0\"><div class=\"vce-col-inner\" data-vce-do-apply=\"border margin background  el-61f808d0\"><div class=\"vce-col-content\" data-vce-element-content=\"true\" data-vce-do-apply=\"padding el-61f808d0\"><div class=\"vce-text-block\"><div class=\"vce-text-block-wrapper vce\" id=\"el-daec70d5\" data-vce-do-apply=\"all el-daec70d5\"><\/div><\/div><\/div><\/div><\/div><\/div><\/div><\/div><div class=\"vce-row-container\" data-vce-boxed-width=\"true\"><div class=\"vce-row vce-element--has-background vce-row--col-gap-30 vce-row-equal-height vce-row-content--top\" id=\"el-bf93b5e4\" data-vce-do-apply=\"all el-bf93b5e4\"><div class=\"vce-content-background-container\"><\/div><div class=\"vce-row-content\" data-vce-element-content=\"true\"><div class=\"vce-col vce-col--md-auto vce-col--xs-1 vce-col--xs-last vce-col--xs-first vce-col--sm-last vce-col--sm-first vce-col--md-last vce-col--lg-last vce-col--xl-last vce-col--md-first vce-col--lg-first vce-col--xl-first\" id=\"el-6664fc9e\"><div class=\"vce-col-inner\" data-vce-do-apply=\"border margin background  el-6664fc9e\"><div class=\"vce-col-content\" data-vce-element-content=\"true\" data-vce-do-apply=\"padding el-6664fc9e\"><div class=\"vce-text-block\"><div class=\"vce-text-block-wrapper vce\" id=\"el-b5208f2e\" data-vce-do-apply=\"all el-b5208f2e\"><h2><img loading=\"lazy\" decoding=\"async\" class=\"size-medium wp-image-1758 alignleft\" src=\"http:\/\/imeri.al\/wp-content\/uploads\/2024\/09\/who-we-are-300x300.png\" alt=\"\" width=\"300\" height=\"300\" srcset=\"http:\/\/imeri.al\/wp-content\/uploads\/2024\/09\/who-we-are-300x300.png 300w, http:\/\/imeri.al\/wp-content\/uploads\/2024\/09\/who-we-are-150x150.png 150w, http:\/\/imeri.al\/wp-content\/uploads\/2024\/09\/who-we-are-768x768.png 768w, http:\/\/imeri.al\/wp-content\/uploads\/2024\/09\/who-we-are-320x320.png 320w, http:\/\/imeri.al\/wp-content\/uploads\/2024\/09\/who-we-are-480x480.png 480w, http:\/\/imeri.al\/wp-content\/uploads\/2024\/09\/who-we-are-600x600.png 600w, http:\/\/imeri.al\/wp-content\/uploads\/2024\/09\/who-we-are-100x100.png 100w, http:\/\/imeri.al\/wp-content\/uploads\/2024\/09\/who-we-are.png 800w\" sizes=\"auto, (max-width: 300px) 100vw, 300px\" \/>Kush jemi ne...<\/h2>\n<p><span style=\"font-size: 18pt;\">Kompania jon\u00eb \u00ebsht\u00eb e specializuar n\u00eb nd\u00ebrtimin e strukturave t\u00eb betonit t\u00eb armuar p\u00ebr godina banimi dhe komerciale. Me nj\u00eb eksperienc\u00eb t\u00eb gjat\u00eb n\u00eb fush\u00ebn e nd\u00ebrtimit, ne ofrojm\u00eb sh\u00ebrbime p\u00ebr projektet e nd\u00ebrtimit, duke u fokusuar kryesisht n\u00eb strukturat beton arme duke siguruar cil\u00ebsi dhe q\u00ebndrueshm\u00ebri p\u00ebr \u00e7do godin\u00eb.<\/span><\/p><\/div><\/div><div class=\"vce vce-separator-container vce-separator--align-center vce-separator--style-shadow\" id=\"el-69fd330d\" data-vce-do-apply=\"margin el-69fd330d\"><div class=\"vce-separator vce-separator--color-bfc0c1 vce-separator--width-70 vce-separator--thickness-3\" data-vce-do-apply=\"border padding background  el-69fd330d\"><div class=\"vce-separator-shadow vce-separator-shadow-left\"><\/div><div class=\"vce-separator-shadow vce-separator-shadow-right\"><\/div><\/div><\/div><\/div><\/div><\/div><\/div><\/div><\/div><div class=\"vce-row-container\" data-vce-boxed-width=\"true\"><div class=\"vce-row vce-element--has-background vce-row--col-gap-30 vce-row-equal-height vce-row-content--top\" id=\"el-c04bb154\" data-vce-do-apply=\"all el-c04bb154\"><div class=\"vce-content-background-container\"><\/div><div class=\"vce-row-content\" data-vce-element-content=\"true\"><div class=\"vce-col vce-col--md-30p vce-col--xs-1 vce-col--xs-last vce-col--xs-first vce-col--sm-last vce-col--sm-first vce-col--md-first vce-col--lg-first vce-col--xl-first\" id=\"el-5629f1c9\"><div class=\"vce-col-inner\" data-vce-do-apply=\"border margin background  el-5629f1c9\"><div class=\"vce-col-content\" data-vce-element-content=\"true\" data-vce-do-apply=\"padding el-5629f1c9\"><div class=\"vce-single-image-container vce-single-image--align-left\"><div class=\"vce vce-single-image-wrapper\" id=\"el-56eb057b\" data-vce-do-apply=\"all el-56eb057b\" data-vce-animate=\"vce-o-animate--bounceInLeft\"><figure><div class=\"vce-single-image-figure-inner\" style=\"width: 996px;\"><div class=\"vce-single-image-inner vce-single-image--absolute\" style=\"width: 100%; padding-bottom: 66.6667%;\"><img loading=\"lazy\" decoding=\"async\" class=\"vce-single-image\"  width=\"996\" height=\"664\" srcset=\"http:\/\/imeri.al\/wp-content\/uploads\/2024\/09\/hand-drawing-vision_1134-332-320x213.jpg 320w, http:\/\/imeri.al\/wp-content\/uploads\/2024\/09\/hand-drawing-vision_1134-332-480x320.jpg 480w, http:\/\/imeri.al\/wp-content\/uploads\/2024\/09\/hand-drawing-vision_1134-332-800x533.jpg 800w, http:\/\/imeri.al\/wp-content\/uploads\/2024\/09\/hand-drawing-vision_1134-332-996x664.jpg 996w\" src=\"http:\/\/imeri.al\/wp-content\/uploads\/2024\/09\/hand-drawing-vision_1134-332-996x664.jpg\" data-img-src=\"http:\/\/imeri.al\/wp-content\/uploads\/2024\/09\/hand-drawing-vision_1134-332.jpg\" data-attachment-id=\"1751\"  alt=\"\" title=\"hand-drawing-vision_1134-332\" \/><\/div><\/div><figcaption hidden=\"\"><\/figcaption><\/figure><\/div><\/div><\/div><\/div><\/div><div class=\"vce-col vce-col--md-65p vce-col--xs-1 vce-col--xs-last vce-col--xs-first vce-col--sm-last vce-col--sm-first vce-col--md-last vce-col--lg-last vce-col--xl-last\" id=\"el-315d95c1\"><div class=\"vce-col-inner\" data-vce-do-apply=\"border margin background  el-315d95c1\"><div class=\"vce-col-content\" data-vce-element-content=\"true\" data-vce-do-apply=\"padding el-315d95c1\"><div class=\"vce-text-block\"><div class=\"vce-text-block-wrapper vce\" id=\"el-653b13d2\" data-vce-do-apply=\"all el-653b13d2\" data-vce-animate=\"vce-o-animate--bounceInRight\"><h1><span style=\"font-weight: 400; font-style: normal;\">VIZIONI<\/span><\/h1>\n<p><span style=\"font-size: 24pt;\">Investoni n\u00eb ide t\u00eb reja dhe eksploroni mund\u00ebsi t\u00eb reja p\u00ebr t\u00eb nd\u00ebrtuar nj\u00eb t\u00eb ardhme m\u00eb t\u00eb mir\u00eb p\u00ebr komunitetet n\u00eb t\u00eb cilat jemi t\u00eb pranish\u00ebm.<\/span><\/p>\n<p><span style=\"font-size: 24pt;\">Punojm\u00eb p\u00ebr te krijuar mund\u00ebsi investimi p\u00ebr nj\u00eb te ardhme me te mire e me te begate te komunitetit ku jemi te pranish\u00ebm.<\/span><\/p><\/div><\/div><\/div><\/div><\/div><\/div><\/div><\/div><div class=\"vce-row-container\" data-vce-boxed-width=\"true\"><div class=\"vce-row vce-row--col-gap-30 vce-row-equal-height vce-row-content--top\" id=\"el-ff6b5712\" data-vce-do-apply=\"all el-ff6b5712\"><div class=\"vce-row-content\" data-vce-element-content=\"true\"><div class=\"vce-col vce-col--md-auto vce-col--xs-1 vce-col--xs-last vce-col--xs-first vce-col--sm-last vce-col--sm-first vce-col--md-last vce-col--lg-last vce-col--xl-last vce-col--md-first vce-col--lg-first vce-col--xl-first\" id=\"el-50a44a7c\"><div class=\"vce-col-inner\" data-vce-do-apply=\"border margin background  el-50a44a7c\"><div class=\"vce-col-content\" data-vce-element-content=\"true\" data-vce-do-apply=\"padding el-50a44a7c\"><div class=\"vce vce-separator-container vce-separator--align-center vce-separator--style-shadow\" id=\"el-9afd8120\" data-vce-do-apply=\"margin el-9afd8120\"><div class=\"vce-separator vce-separator--color-bfc0c1 vce-separator--width-60 vce-separator--thickness-1\" data-vce-do-apply=\"border padding background  el-9afd8120\" data-vce-animate=\"vce-o-animate--slideInLeft\"><div class=\"vce-separator-shadow vce-separator-shadow-left\"><\/div><div class=\"vce-separator-shadow vce-separator-shadow-right\"><\/div><\/div><\/div><\/div><\/div><\/div><\/div><\/div><\/div><div class=\"vce-row-container\" data-vce-boxed-width=\"true\"><div class=\"vce-row vce-row--has-col-background vce-element--has-background vce-row--col-gap-30 vce-row-equal-height vce-row-content--top\" id=\"el-f5f7c174\" data-vce-do-apply=\"all el-f5f7c174\"><div class=\"vce-content-background-container\"><\/div><div class=\"vce-row-content\" data-vce-element-content=\"true\"><div class=\"vce-col vce-col--md-7p vce-col--xs-1 vce-col--xs-last vce-col--xs-first vce-col--sm-last vce-col--sm-first vce-col--md-first vce-col--lg-first vce-col--xl-first\" id=\"el-772cbee7\"><div class=\"vce-col-inner\" data-vce-do-apply=\"border margin background  el-772cbee7\"><div class=\"vce-content-background-container\"><\/div><div class=\"vce-col-content\" data-vce-element-content=\"true\" data-vce-do-apply=\"padding el-772cbee7\"><div class=\"vcv-row-control-wrapper\"><\/div><\/div><\/div><\/div><div class=\"vce-col vce-col--md-60p vce-col--xs-1 vce-col--xs-last vce-col--xs-first vce-col--sm-last vce-col--sm-first\" id=\"el-8534622f\"><div class=\"vce-col-inner\" data-vce-do-apply=\"border margin background  el-8534622f\"><div class=\"vce-col-content\" data-vce-element-content=\"true\" data-vce-do-apply=\"padding el-8534622f\"><div class=\"vce-text-block\"><div class=\"vce-text-block-wrapper vce\" id=\"el-aea1bed5\" data-vce-do-apply=\"all el-aea1bed5\"><h1>Misioni<\/h1>\n<p><span style=\"font-size: 24pt;\">Misioni yn\u00eb \u00ebsht\u00eb t\u00eb nd\u00ebrtojm\u00eb kompani t\u00eb forta duke promovuar inovacionin, duke krijuar mund\u00ebsi t\u00eb barabarta p\u00ebr njer\u00ebzit tan\u00eb p\u00ebr t'u rritur dhe duke pasur nj\u00eb gjurm\u00eb pozitive n\u00eb shoq\u00ebri.<\/span><\/p>\n<p><span style=\"font-size: 24pt;\">Synojm\u00eb t\u00eb nd\u00ebrtojm\u00eb kompani lider ne tregun e ngjash\u00ebm duke p\u00ebrkrahur zhvillimet e reja dhe duke krijuar mund\u00ebsi t\u00eb barabarta p\u00ebr karrier\u00ebn e punonj\u00ebseve tan\u00eb.<\/span><\/p><\/div><\/div><\/div><\/div><\/div><div class=\"vce-col vce-element--has-background vce-col--md-33p vce-col--xs-1 vce-col--xs-last vce-col--xs-first vce-col--sm-last vce-col--sm-first vce-col--md-last vce-col--lg-last vce-col--xl-last\" id=\"el-a712a30c\"><div class=\"vce-col-inner\" data-vce-do-apply=\"border margin background  el-a712a30c\"><div class=\"vce-content-background-container\"><div class=\"vce-asset-background-simple-container vce-visible-all-only vce-asset-background-simple--style-cover vce-asset-background-simple--position-center-top\"><div class=\"vce-asset-background-simple\">\n              <div class=\"vce-asset-background-simple-item vcv-lozad\" data-background-image=\"http:\/\/imeri.al\/wp-content\/uploads\/2024\/08\/0703361317362-web-tete-e1725541487996.jpg\"><\/div>\n              <noscript>\n                <div class=\"vce-asset-background-simple-item\" style=\"background-image: url(http:\/\/imeri.al\/wp-content\/uploads\/2024\/08\/0703361317362-web-tete-e1725541487996.jpg)\"><\/div>\n              <\/noscript>\n            <\/div><\/div><\/div><div class=\"vce-col-content\" data-vce-element-content=\"true\" data-vce-do-apply=\"padding el-a712a30c\"><div class=\"vcv-row-control-wrapper\"><\/div><\/div><\/div><\/div><\/div><\/div><\/div><div class=\"vce-row-container\" data-vce-boxed-width=\"true\"><div class=\"vce-row vce-row--col-gap-30 vce-row-equal-height vce-row-content--top\" id=\"el-b92888a3\" data-vce-do-apply=\"all el-b92888a3\"><div class=\"vce-row-content\" data-vce-element-content=\"true\"><div class=\"vce-col vce-col--md-auto vce-col--xs-1 vce-col--xs-last vce-col--xs-first vce-col--sm-last vce-col--sm-first vce-col--md-last vce-col--lg-last vce-col--xl-last vce-col--md-first vce-col--lg-first vce-col--xl-first\" id=\"el-c2c7f5e4\"><div class=\"vce-col-inner\" data-vce-do-apply=\"border margin background  el-c2c7f5e4\"><div class=\"vce-col-content\" data-vce-element-content=\"true\" data-vce-do-apply=\"padding el-c2c7f5e4\"><div class=\"vce-row-container\" data-vce-boxed-width=\"true\"><div class=\"vce-row vce-row--col-gap-30 vce-row-equal-height vce-row-content--top\" id=\"el-7dde820d\" data-vce-do-apply=\"all el-7dde820d\"><div class=\"vce-row-content\" data-vce-element-content=\"true\"><div class=\"vce-col vce-col--md-auto vce-col--xs-1 vce-col--xs-last vce-col--xs-first vce-col--sm-last vce-col--sm-first vce-col--md-last vce-col--lg-last vce-col--xl-last vce-col--md-first vce-col--lg-first vce-col--xl-first\" id=\"el-f4b73ae5\"><div class=\"vce-col-inner\" data-vce-do-apply=\"border margin background  el-f4b73ae5\"><div class=\"vce-col-content\" data-vce-element-content=\"true\" data-vce-do-apply=\"padding el-f4b73ae5\"><div class=\"vce-row-container\" data-vce-boxed-width=\"true\"><div class=\"vce-row vce-row--col-gap-30 vce-row-equal-height vce-row-content--top\" id=\"el-910d193c\" data-vce-do-apply=\"all el-910d193c\"><div class=\"vce-row-content\" data-vce-element-content=\"true\"><div class=\"vce-col vce-col--md-auto vce-col--xs-1 vce-col--xs-last vce-col--xs-first vce-col--sm-last vce-col--sm-first vce-col--md-last vce-col--lg-last vce-col--xl-last vce-col--md-first vce-col--lg-first vce-col--xl-first\" id=\"el-1bab645b\"><div class=\"vce-col-inner\" data-vce-do-apply=\"border margin background  el-1bab645b\"><div class=\"vce-col-content\" data-vce-element-content=\"true\" data-vce-do-apply=\"padding el-1bab645b\"><div class=\"vce vce-separator-container vce-separator--align-center vce-separator--style-shadow\" id=\"el-e80c0b39\" data-vce-do-apply=\"margin el-e80c0b39\"><div class=\"vce-separator vce-separator--color-bfc0c1 vce-separator--width-60 vce-separator--thickness-1\" data-vce-do-apply=\"border padding background  el-e80c0b39\" data-vce-animate=\"vce-o-animate--slideInLeft\"><div class=\"vce-separator-shadow vce-separator-shadow-left\"><\/div><div class=\"vce-separator-shadow vce-separator-shadow-right\"><\/div><\/div><\/div><\/div><\/div><\/div><\/div><\/div><\/div><\/div><\/div><\/div><\/div><\/div><\/div><\/div><\/div><\/div><\/div><\/div><\/div>","protected":false},"excerpt":{"rendered":"<p>Kush jemi ne&#8230; Kompania jon\u00eb \u00ebsht\u00eb e specializuar n\u00eb nd\u00ebrtimin e strukturave t\u00eb betonit t\u00eb armuar p\u00ebr godina banimi dhe komerciale. Me nj\u00eb eksperienc\u00eb t\u00eb gjat\u00eb n\u00eb fush\u00ebn e nd\u00ebrtimit, ne ofrojm\u00eb sh\u00ebrbime p\u00ebr projektet e nd\u00ebrtimit, duke u fokusuar kryesisht n\u00eb strukturat beton arme duke siguruar cil\u00ebsi dhe q\u00ebndrueshm\u00ebri p\u00ebr \u00e7do godin\u00eb.VIZIONI Investoni n\u00eb&#8230;<\/p>\n","protected":false},"author":1,"featured_media":684,"parent":0,"menu_order":0,"comment_status":"closed","ping_status":"closed","template":"","meta":{"_kadence_starter_templates_imported_post":true,"_kad_post_transparent":"","_kad_post_title":"hide","_kad_post_layout":"fullwidth","_kad_post_sidebar_id":"","_kad_post_content_style":"unboxed","_kad_post_vertical_padding":"hide","_kad_post_feature":"hide","_kad_post_feature_position":"","_kad_post_header":false,"_kad_post_footer":false,"footnotes":""},"class_list":["post-45","page","type-page","status-publish","has-post-thumbnail","hentry"],"yoast_head":"<!-- This site is optimized with the Yoast SEO plugin v23.2 - https:\/\/yoast.com\/wordpress\/plugins\/seo\/ -->\r\n<title>About - IMERI7 SHPK<\/title>\r\n<meta name=\"robots\" content=\"index, follow, max-snippet:-1, max-image-preview:large, max-video-preview:-1\" \/>\r\n<link rel=\"canonical\" href=\"http:\/\/imeri.al\/index.php\/about\/\" \/>\r\n<meta property=\"og:locale\" content=\"en_US\" \/>\r\n<meta property=\"og:type\" content=\"article\" \/>\r\n<meta property=\"og:title\" content=\"About - IMERI7 SHPK\" \/>\r\n<meta property=\"og:description\" content=\"Kush jemi ne... Kompania jon\u00eb \u00ebsht\u00eb e specializuar n\u00eb nd\u00ebrtimin e strukturave t\u00eb betonit t\u00eb armuar p\u00ebr godina banimi dhe komerciale. Me nj\u00eb eksperienc\u00eb t\u00eb gjat\u00eb n\u00eb fush\u00ebn e nd\u00ebrtimit, ne ofrojm\u00eb sh\u00ebrbime p\u00ebr projektet e nd\u00ebrtimit, duke u fokusuar kryesisht n\u00eb strukturat beton arme duke siguruar cil\u00ebsi dhe q\u00ebndrueshm\u00ebri p\u00ebr \u00e7do godin\u00eb.VIZIONI Investoni n\u00eb...\" \/>\r\n<meta property=\"og:url\" content=\"http:\/\/imeri.al\/index.php\/about\/\" \/>\r\n<meta property=\"og:site_name\" content=\"IMERI7 SHPK\" \/>\r\n<meta property=\"article:modified_time\" content=\"2024-09-09T18:18:24+00:00\" \/>\r\n<meta property=\"og:image\" content=\"http:\/\/imeri.al\/wp-content\/uploads\/2022\/12\/About-scaled-1.jpeg\" \/>\r\n\t<meta property=\"og:image:width\" content=\"1133\" \/>\r\n\t<meta property=\"og:image:height\" content=\"2560\" \/>\r\n\t<meta property=\"og:image:type\" content=\"image\/jpeg\" \/>\r\n<meta name=\"twitter:card\" content=\"summary_large_image\" \/>\r\n<meta name=\"twitter:label1\" content=\"Est. reading time\" \/>\n\t<meta name=\"twitter:data1\" content=\"1 minute\" \/>\r\n<script type=\"application\/ld+json\" class=\"yoast-schema-graph\">{\"@context\":\"https:\/\/schema.org\",\"@graph\":[{\"@type\":\"WebPage\",\"@id\":\"http:\/\/imeri.al\/index.php\/about\/\",\"url\":\"http:\/\/imeri.al\/index.php\/about\/\",\"name\":\"About - IMERI7 SHPK\",\"isPartOf\":{\"@id\":\"http:\/\/imeri.al\/#website\"},\"primaryImageOfPage\":{\"@id\":\"http:\/\/imeri.al\/index.php\/about\/#primaryimage\"},\"image\":{\"@id\":\"http:\/\/imeri.al\/index.php\/about\/#primaryimage\"},\"thumbnailUrl\":\"http:\/\/imeri.al\/wp-content\/uploads\/2022\/12\/About-scaled-1.jpeg\",\"datePublished\":\"2021-10-19T07:36:28+00:00\",\"dateModified\":\"2024-09-09T18:18:24+00:00\",\"breadcrumb\":{\"@id\":\"http:\/\/imeri.al\/index.php\/about\/#breadcrumb\"},\"inLanguage\":\"en-US\",\"potentialAction\":[{\"@type\":\"ReadAction\",\"target\":[\"http:\/\/imeri.al\/index.php\/about\/\"]}]},{\"@type\":\"ImageObject\",\"inLanguage\":\"en-US\",\"@id\":\"http:\/\/imeri.al\/index.php\/about\/#primaryimage\",\"url\":\"http:\/\/imeri.al\/wp-content\/uploads\/2022\/12\/About-scaled-1.jpeg\",\"contentUrl\":\"http:\/\/imeri.al\/wp-content\/uploads\/2022\/12\/About-scaled-1.jpeg\",\"width\":1133,\"height\":2560},{\"@type\":\"BreadcrumbList\",\"@id\":\"http:\/\/imeri.al\/index.php\/about\/#breadcrumb\",\"itemListElement\":[{\"@type\":\"ListItem\",\"position\":1,\"name\":\"Home\",\"item\":\"http:\/\/imeri.al\/\"},{\"@type\":\"ListItem\",\"position\":2,\"name\":\"About\"}]},{\"@type\":\"WebSite\",\"@id\":\"http:\/\/imeri.al\/#website\",\"url\":\"http:\/\/imeri.al\/\",\"name\":\"IMERI7 SHPK\",\"description\":\"KOMPANI ND\u00cbRTIMI\",\"publisher\":{\"@id\":\"http:\/\/imeri.al\/#organization\"},\"potentialAction\":[{\"@type\":\"SearchAction\",\"target\":{\"@type\":\"EntryPoint\",\"urlTemplate\":\"http:\/\/imeri.al\/?s={search_term_string}\"},\"query-input\":\"required name=search_term_string\"}],\"inLanguage\":\"en-US\"},{\"@type\":\"Organization\",\"@id\":\"http:\/\/imeri.al\/#organization\",\"name\":\"IMERI7 SHPK\",\"url\":\"http:\/\/imeri.al\/\",\"logo\":{\"@type\":\"ImageObject\",\"inLanguage\":\"en-US\",\"@id\":\"http:\/\/imeri.al\/#\/schema\/logo\/image\/\",\"url\":\"http:\/\/imeri.al\/wp-content\/uploads\/2024\/09\/cropped-Logo-IMERI_Shpk-e1725877543494.png\",\"contentUrl\":\"http:\/\/imeri.al\/wp-content\/uploads\/2024\/09\/cropped-Logo-IMERI_Shpk-e1725877543494.png\",\"width\":99,\"height\":99,\"caption\":\"IMERI7 SHPK\"},\"image\":{\"@id\":\"http:\/\/imeri.al\/#\/schema\/logo\/image\/\"}}]}<\/script>\r\n<!-- \/ Yoast SEO plugin. -->","yoast_head_json":{"title":"About - IMERI7 SHPK","robots":{"index":"index","follow":"follow","max-snippet":"max-snippet:-1","max-image-preview":"max-image-preview:large","max-video-preview":"max-video-preview:-1"},"canonical":"http:\/\/imeri.al\/index.php\/about\/","og_locale":"en_US","og_type":"article","og_title":"About - IMERI7 SHPK","og_description":"Kush jemi ne... Kompania jon\u00eb \u00ebsht\u00eb e specializuar n\u00eb nd\u00ebrtimin e strukturave t\u00eb betonit t\u00eb armuar p\u00ebr godina banimi dhe komerciale. Me nj\u00eb eksperienc\u00eb t\u00eb gjat\u00eb n\u00eb fush\u00ebn e nd\u00ebrtimit, ne ofrojm\u00eb sh\u00ebrbime p\u00ebr projektet e nd\u00ebrtimit, duke u fokusuar kryesisht n\u00eb strukturat beton arme duke siguruar cil\u00ebsi dhe q\u00ebndrueshm\u00ebri p\u00ebr \u00e7do godin\u00eb.VIZIONI Investoni n\u00eb...","og_url":"http:\/\/imeri.al\/index.php\/about\/","og_site_name":"IMERI7 SHPK","article_modified_time":"2024-09-09T18:18:24+00:00","og_image":[{"width":1133,"height":2560,"url":"http:\/\/imeri.al\/wp-content\/uploads\/2022\/12\/About-scaled-1.jpeg","type":"image\/jpeg"}],"twitter_card":"summary_large_image","twitter_misc":{"Est. reading time":"1 minute"},"schema":{"@context":"https:\/\/schema.org","@graph":[{"@type":"WebPage","@id":"http:\/\/imeri.al\/index.php\/about\/","url":"http:\/\/imeri.al\/index.php\/about\/","name":"About - IMERI7 SHPK","isPartOf":{"@id":"http:\/\/imeri.al\/#website"},"primaryImageOfPage":{"@id":"http:\/\/imeri.al\/index.php\/about\/#primaryimage"},"image":{"@id":"http:\/\/imeri.al\/index.php\/about\/#primaryimage"},"thumbnailUrl":"http:\/\/imeri.al\/wp-content\/uploads\/2022\/12\/About-scaled-1.jpeg","datePublished":"2021-10-19T07:36:28+00:00","dateModified":"2024-09-09T18:18:24+00:00","breadcrumb":{"@id":"http:\/\/imeri.al\/index.php\/about\/#breadcrumb"},"inLanguage":"en-US","potentialAction":[{"@type":"ReadAction","target":["http:\/\/imeri.al\/index.php\/about\/"]}]},{"@type":"ImageObject","inLanguage":"en-US","@id":"http:\/\/imeri.al\/index.php\/about\/#primaryimage","url":"http:\/\/imeri.al\/wp-content\/uploads\/2022\/12\/About-scaled-1.jpeg","contentUrl":"http:\/\/imeri.al\/wp-content\/uploads\/2022\/12\/About-scaled-1.jpeg","width":1133,"height":2560},{"@type":"BreadcrumbList","@id":"http:\/\/imeri.al\/index.php\/about\/#breadcrumb","itemListElement":[{"@type":"ListItem","position":1,"name":"Home","item":"http:\/\/imeri.al\/"},{"@type":"ListItem","position":2,"name":"About"}]},{"@type":"WebSite","@id":"http:\/\/imeri.al\/#website","url":"http:\/\/imeri.al\/","name":"IMERI7 SHPK","description":"KOMPANI ND\u00cbRTIMI","publisher":{"@id":"http:\/\/imeri.al\/#organization"},"potentialAction":[{"@type":"SearchAction","target":{"@type":"EntryPoint","urlTemplate":"http:\/\/imeri.al\/?s={search_term_string}"},"query-input":"required name=search_term_string"}],"inLanguage":"en-US"},{"@type":"Organization","@id":"http:\/\/imeri.al\/#organization","name":"IMERI7 SHPK","url":"http:\/\/imeri.al\/","logo":{"@type":"ImageObject","inLanguage":"en-US","@id":"http:\/\/imeri.al\/#\/schema\/logo\/image\/","url":"http:\/\/imeri.al\/wp-content\/uploads\/2024\/09\/cropped-Logo-IMERI_Shpk-e1725877543494.png","contentUrl":"http:\/\/imeri.al\/wp-content\/uploads\/2024\/09\/cropped-Logo-IMERI_Shpk-e1725877543494.png","width":99,"height":99,"caption":"IMERI7 SHPK"},"image":{"@id":"http:\/\/imeri.al\/#\/schema\/logo\/image\/"}}]}},"_links":{"self":[{"href":"http:\/\/imeri.al\/index.php\/wp-json\/wp\/v2\/pages\/45","targetHints":{"allow":["GET"]}}],"collection":[{"href":"http:\/\/imeri.al\/index.php\/wp-json\/wp\/v2\/pages"}],"about":[{"href":"http:\/\/imeri.al\/index.php\/wp-json\/wp\/v2\/types\/page"}],"author":[{"embeddable":true,"href":"http:\/\/imeri.al\/index.php\/wp-json\/wp\/v2\/users\/1"}],"replies":[{"embeddable":true,"href":"http:\/\/imeri.al\/index.php\/wp-json\/wp\/v2\/comments?post=45"}],"version-history":[{"count":12,"href":"http:\/\/imeri.al\/index.php\/wp-json\/wp\/v2\/pages\/45\/revisions"}],"predecessor-version":[{"id":1788,"href":"http:\/\/imeri.al\/index.php\/wp-json\/wp\/v2\/pages\/45\/revisions\/1788"}],"wp:featuredmedia":[{"embeddable":true,"href":"http:\/\/imeri.al\/index.php\/wp-json\/wp\/v2\/media\/684"}],"wp:attachment":[{"href":"http:\/\/imeri.al\/index.php\/wp-json\/wp\/v2\/media?parent=45"}],"curies":[{"name":"wp","href":"https:\/\/api.w.org\/{rel}","templated":true}]}}