{"id":1799,"date":"2024-09-09T11:38:53","date_gmt":"2024-09-09T11:38:53","guid":{"rendered":"http:\/\/imeri.al\/?page_id=1799"},"modified":"2024-10-24T11:07:08","modified_gmt":"2024-10-24T11:07:08","slug":"porcelani","status":"publish","type":"page","link":"http:\/\/imeri.al\/index.php\/porcelani\/","title":{"rendered":"REZIDENCA PORCELANI"},"content":{"rendered":"\r\n<div class=\"vce-row-container\">\r\n<div id=\"el-da072ba3\" class=\"vce-row vce-element--has-background vce-row--col-gap-30 vce-row-content--middle\" data-vce-full-width=\"true\" data-vce-do-apply=\"all el-da072ba3\">\r\n<div class=\"vce-content-background-container\">\r\n<div class=\"vce-asset-background-simple-container vce-visible-all-only vce-asset-background-simple--style-cover vce-asset-background-simple--position-center-top\">\r\n<div class=\"vce-asset-background-simple\">\r\n<div class=\"vce-asset-background-simple-item vcv-lozad\" data-background-image=\"http:\/\/imeri.al\/wp-content\/uploads\/2024\/08\/nova-construction_tirana-entry-II-23.png\">\u00a0<\/div>\r\n<noscript>\r\n                <div class=\"vce-asset-background-simple-item\" style=\"background-image: url(http:\/\/imeri.al\/wp-content\/uploads\/2024\/08\/nova-construction_tirana-entry-II-23.png)\"><\/div>\r\n              <\/noscript><\/div>\r\n<\/div>\r\n<\/div>\r\n<div class=\"vce-row-content\" data-vce-element-content=\"true\">\r\n<div id=\"el-4f1cee7c\" class=\"vce-col vce-col--md-16p vce-col--xs-1 vce-col--xs-last vce-col--xs-first vce-col--sm-last vce-col--sm-first vce-col--md-first vce-col--lg-first vce-col--xl-first\">\r\n<div class=\"vce-col-inner\" data-vce-do-apply=\"border margin background  el-4f1cee7c\">\r\n<div class=\"vce-col-content\" data-vce-element-content=\"true\" data-vce-do-apply=\"padding el-4f1cee7c\"><div class=\"vcv-row-control-wrapper\">\u00a0<\/div><\/div>\r\n<\/div>\r\n<\/div>\r\n\r\n<div id=\"el-3849143f\" class=\"vce-col vce-col--md-67p vce-col--xs-1 vce-col--xs-last vce-col--xs-first vce-col--sm-last vce-col--sm-first vce-col--md-last vce-col--lg-last vce-col--xl-last\">\r\n<div class=\"vce-col-inner\" data-vce-do-apply=\"border margin background  el-3849143f\">\r\n<div class=\"vce-content-background-container\" style=\"text-align: center;\">\u00a0<\/div>\r\n<div class=\"vce-col-content\" style=\"text-align: center;\" data-vce-element-content=\"true\" data-vce-do-apply=\"padding el-3849143f\"><strong><\/strong>\r\n<div class=\"vce-text-block\">\r\n<div id=\"el-8473725a\" class=\"vce-text-block-wrapper vce\" data-vce-do-apply=\"all el-8473725a\">\r\n<h1 style=\"text-align: center;\"><strong><span style=\"font-size: 42pt;\"><span style=\"font-family: Montserrat;\">REZIDENCA PORCELANI<\/span><\/span><\/strong><\/h1>\r\n<\/div>\r\n<\/div>\r\n<strong><\/strong>\r\n<div class=\"vce-text-block\">\r\n<div id=\"el-c32caaa6\" class=\"vce-text-block-wrapper vce\" data-vce-do-apply=\"all el-c32caaa6\">\r\n<p><strong><span style=\"font-size: 18pt;\">Projekti \"Residenca Porcelani\" \u00ebsht\u00eb nj\u00eb tjet\u00ebr projekt ku ne jemi n\u00ebnsip\u00ebrmarr\u00ebsit kryesor\u00eb n\u00eb nd\u00ebrtimin e strukturave t\u00eb betonit t\u00eb armuar. I pozicionuar n\u00eb \"Rrug\u00ebn Xhanfize Keko, Xhamlliku, Nj\u00ebsia Bashkiake Nr. 3, Tiran\u00eb\", ky kompleks i banimit ofron pamje panoramike t\u00eb mrekullueshme dhe nj\u00eb standard t\u00eb lart\u00eb nd\u00ebrtimi me fasad\u00eb t\u00eb ventiluar, duke siguruar nj\u00eb mjedis t\u00eb sh\u00ebndetsh\u00ebm dhe efikas p\u00ebr banor\u00ebt.<\/span><\/strong><\/p>\r\n<\/div>\r\n<\/div>\r\n<strong><\/strong><\/div>\r\n<\/div>\r\n<\/div>\r\n<strong><\/strong><\/div>\r\n<\/div>\r\n<\/div>\r\n<p><strong><\/strong><\/p>\r\n<div class=\"vce-row-container\" style=\"text-align: center;\" data-vce-boxed-width=\"true\">\r\n<div id=\"el-f76a2bf5\" class=\"vce-row vce-row--col-gap-30 vce-row-equal-height vce-row-content--top\" data-vce-do-apply=\"all el-f76a2bf5\">\r\n<div class=\"vce-content-background-container\">\u00a0<\/div>\r\n<div class=\"vce-row-content\" data-vce-element-content=\"true\"><strong><\/strong>\r\n<div id=\"el-6b64bbe5\" class=\"vce-col vce-col--md-auto vce-col--xs-1 vce-col--xs-last vce-col--xs-first vce-col--sm-last vce-col--sm-first vce-col--md-last vce-col--lg-last vce-col--xl-last vce-col--md-first vce-col--lg-first vce-col--xl-first\">\r\n<div class=\"vce-col-inner\" data-vce-do-apply=\"border margin background  el-6b64bbe5\">\r\n<div class=\"vce-content-background-container\">\u00a0<\/div>\r\n<div class=\"vce-col-content\" data-vce-element-content=\"true\" data-vce-do-apply=\"padding el-6b64bbe5\"><strong><\/strong>\r\n<div id=\"el-5661d0a3\" class=\"vce vce-separator-container vce-separator--align-center vce-separator--style-shadow\" data-vce-do-apply=\"margin el-5661d0a3\">\r\n<div class=\"vce-separator vce-separator--color-b-22-176-149 vce-separator--width-65 vce-separator--thickness-4\" data-vce-do-apply=\"border padding background  el-5661d0a3\">\r\n<div class=\"vce-separator-shadow vce-separator-shadow-left\">\u00a0<\/div>\r\n<div class=\"vce-separator-shadow vce-separator-shadow-right\">\u00a0<\/div>\r\n<\/div>\r\n<\/div>\r\n<strong><\/strong><\/div>\r\n<\/div>\r\n<\/div>\r\n<strong><\/strong><\/div>\r\n<\/div>\r\n<\/div>\r\n<p><strong><\/strong><\/p>\r\n<div class=\"vce-row-container\" style=\"text-align: center;\" data-vce-boxed-width=\"true\">\r\n<div id=\"el-6e33fcca\" class=\"vce-row vce-row--col-gap-30 vce-row-equal-height vce-row-content--top\" data-vce-do-apply=\"all el-6e33fcca\">\r\n<div class=\"vce-content-background-container\">\u00a0<\/div>\r\n<div class=\"vce-row-content\" data-vce-element-content=\"true\"><strong><\/strong>\r\n<div id=\"el-764fbb98\" class=\"vce-col vce-col--md-auto vce-col--xs-1 vce-col--xs-last vce-col--xs-first vce-col--sm-last vce-col--sm-first vce-col--md-last vce-col--lg-last vce-col--xl-last vce-col--md-first vce-col--lg-first vce-col--xl-first\">\r\n<div class=\"vce-col-inner\" data-vce-do-apply=\"border margin background  el-764fbb98\">\r\n<div class=\"vce-col-content\" data-vce-element-content=\"true\" data-vce-do-apply=\"padding el-764fbb98\"><strong><\/strong>\r\n<div class=\"vce-row-container\" data-vce-boxed-width=\"true\">\r\n<div id=\"el-7b9fa06c\" class=\"vce-row vce-row--col-gap-30 vce-row-equal-height vce-row-content--top\" data-vce-do-apply=\"all el-7b9fa06c\">\r\n<div class=\"vce-row-content\" data-vce-element-content=\"true\"><strong><\/strong>\r\n<div id=\"el-8326f725\" class=\"vce-col vce-col--md-auto vce-col--xs-1 vce-col--xs-last vce-col--xs-first vce-col--sm-last vce-col--sm-first vce-col--md-first vce-col--lg-first vce-col--xl-first\">\r\n<div class=\"vce-col-inner\" data-vce-do-apply=\"border margin background  el-8326f725\">\r\n<div class=\"vce-col-content\" data-vce-element-content=\"true\" data-vce-do-apply=\"padding el-8326f725\"><strong><\/strong>\r\n<div class=\"vce-text-block\">\r\n<div id=\"el-543bd986\" class=\"vce-text-block-wrapper vce\" data-vce-do-apply=\"all el-543bd986\">\r\n<p><strong><span style=\"font-size: 18pt;\">Projekti p\u00ebrfshin ambiente t\u00eb pasura rekreative si: Nj\u00eb Palest\u00ebr moderne dhe nj\u00eb Pishin\u00eb unike. Kjo pishin\u00eb, e pozicionuar n\u00ebntok\u00eb, \u00ebsht\u00eb nd\u00ebrtuar me kujdes t\u00eb ve\u00e7ant\u00eb duke p\u00ebrdorur teknika t\u00eb avancuara n\u00eb nd\u00ebrtimin e kall\u00ebpeve t\u00eb betonit. Struktura e saj me nj\u00eb solet\u00eb t\u00eb harkuar betoni lejon dep\u00ebrtimin e drit\u00ebs natyrale nga lart, duke krijuar nj\u00eb atmosfer\u00eb t\u00eb ve\u00e7ant\u00eb dhe relaksuese.<\/span><\/strong><\/p>\r\n<\/div>\r\n<\/div>\r\n<strong><\/strong><\/div>\r\n<\/div>\r\n<\/div>\r\n<strong><\/strong>\r\n<div id=\"el-e14e80ad\" class=\"vce-col vce-col--md-auto vce-col--xs-1 vce-col--xs-last vce-col--xs-first vce-col--sm-last vce-col--sm-first vce-col--md-last vce-col--lg-last vce-col--xl-last\">\r\n<div class=\"vce-col-inner\" data-vce-do-apply=\"border margin background  el-e14e80ad\">\r\n<div class=\"vce-col-content\" data-vce-element-content=\"true\" data-vce-do-apply=\"padding el-e14e80ad\"><strong><\/strong>\r\n<div class=\"vce-text-block\">\r\n<div id=\"el-49983caf\" class=\"vce-text-block-wrapper vce\" data-vce-do-apply=\"all el-49983caf\">\r\n<p class=\"MsoNormal\"><strong>Nj\u00eb element tjet\u00ebr q\u00eb e ve\u00e7on k\u00ebt\u00eb projekt jan\u00eb parapetet dhe tarracat e gjelb\u00ebruara, t\u00eb cilat ofrojn\u00eb nj\u00eb prekje natyrore dhe t\u00eb gjelb\u00ebr n\u00eb hap\u00ebsirat e p\u00ebrbashk\u00ebta, duke kontribuar n\u00eb krijimin e nj\u00eb ambienti t\u00eb qet\u00eb dhe t\u00eb harmonizuar me natyr\u00ebn p\u00ebr t\u00eb gjith\u00eb banor\u00ebt. <\/strong><\/p>\r\n<p class=\"MsoNormal\"><strong>N\u00eb k\u00ebt\u00eb projekt, ne kemi sjell\u00eb ekspertiz\u00ebn ton\u00eb n\u00eb nd\u00ebrtimin e betonit t\u00eb armuar p\u00ebr t\u00eb krijuar nj\u00eb struktur\u00eb q\u00eb jo vet\u00ebm t\u00eb jep siguri, por gjithashtu ofron nj\u00eb ndjesi t\u00eb luksit dhe rehatis\u00eb.<\/strong><\/p>\r\n<\/div>\r\n<\/div>\r\n<strong><\/strong><\/div>\r\n<\/div>\r\n<\/div>\r\n<strong><\/strong><\/div>\r\n<\/div>\r\n<\/div>\r\n<strong><\/strong><\/div>\r\n<\/div>\r\n<\/div>\r\n<strong><\/strong><\/div>\r\n<\/div>\r\n<\/div>\r\n<p><strong><\/strong><\/p>\r\n<div class=\"vce-row-container\" data-vce-boxed-width=\"true\">\r\n<div id=\"el-98507fc3\" class=\"vce-row vce-row--col-gap-30 vce-row-equal-height vce-row-content--top\" data-vce-do-apply=\"all el-98507fc3\">\r\n<div class=\"vce-row-content\" data-vce-element-content=\"true\"><strong><\/strong>\r\n<div id=\"el-77e5984b\" class=\"vce-col vce-col--md-auto vce-col--xs-1 vce-col--xs-last vce-col--xs-first vce-col--sm-last vce-col--sm-first vce-col--md-last vce-col--lg-last vce-col--xl-last vce-col--md-first vce-col--lg-first vce-col--xl-first\">\r\n<div class=\"vce-col-inner\" data-vce-do-apply=\"border margin background  el-77e5984b\">\r\n<div class=\"vce-col-content\" data-vce-element-content=\"true\" data-vce-do-apply=\"padding el-77e5984b\"><strong><\/strong>\r\n<div id=\"el-1c287fe9\" class=\"vce vce-separator-container vce-separator--align-center vce-separator--style-shadow\" data-vce-do-apply=\"margin el-1c287fe9\">\r\n<div class=\"vce-separator vce-separator--color-b-22-176-149 vce-separator--width-65 vce-separator--thickness-4\" data-vce-do-apply=\"border padding background  el-1c287fe9\">\r\n<div class=\"vce-separator-shadow vce-separator-shadow-left\" style=\"text-align: center;\">\u00a0<\/div>\r\n<div class=\"vce-separator-shadow vce-separator-shadow-right\">\u00a0<\/div>\r\n<\/div>\r\n<\/div>\r\n<\/div>\r\n<\/div>\r\n<\/div>\r\n<\/div>\r\n<\/div>\r\n<\/div>\r\n\r\n<div class=\"vce-row-container\" data-vce-boxed-width=\"true\">\r\n<div id=\"el-cc00e94d\" class=\"vce-row vce-row--col-gap-30 vce-row-equal-height vce-row-content--top\" data-vce-do-apply=\"all el-cc00e94d\">\r\n<div class=\"vce-row-content\" data-vce-element-content=\"true\">\r\n<div id=\"el-1f59f4e5\" class=\"vce-col vce-col--md-16-66p vce-col--xs-1 vce-col--xs-last vce-col--xs-first vce-col--sm-last vce-col--sm-first vce-col--md-first vce-col--lg-first vce-col--xl-first\">\r\n<div class=\"vce-col-inner\" data-vce-do-apply=\"border margin background  el-1f59f4e5\">\r\n<div class=\"vce-col-content\" data-vce-element-content=\"true\" data-vce-do-apply=\"padding el-1f59f4e5\"><div class=\"vcv-row-control-wrapper\">\u00a0<\/div><\/div>\r\n<\/div>\r\n<\/div>\r\n\r\n<div id=\"el-6bafe379\" class=\"vce-col vce-col--md-66-66p vce-col--xs-1 vce-col--xs-last vce-col--xs-first vce-col--sm-last vce-col--sm-first\">\r\n<div class=\"vce-col-inner\" data-vce-do-apply=\"border margin background  el-6bafe379\">\r\n<div class=\"vce-col-content\" data-vce-element-content=\"true\" data-vce-do-apply=\"padding el-6bafe379\">\r\n<div class=\"vce-image-gallery vce-image-gallery--gap-10 vce-image-gallery--columns-3\">\r\n<div id=\"el-b3910f08\" class=\"vce-image-gallery-wrapper vce\" data-vce-do-apply=\"all el-b3910f08\">\r\n<div class=\"vce-image-gallery-list\">\r\n<div class=\"vce-image-gallery-item\">\r\n<figure class=\"vce-image-gallery-item-inner-wrapper\"><a class=\"vce-image-gallery-item-inner\" href=\"http:\/\/imeri.al\/wp-content\/uploads\/2024\/09\/Porcelan_04.jpeg\" data-lightbox=\"lightbox-b3910f08\"><img decoding=\"async\" class=\"vce-image-gallery-img vce-image-gallery-img--orientation-portrait\" title=\"Porcelan_04\" src=\"http:\/\/imeri.al\/wp-content\/uploads\/2024\/09\/Porcelan_04.jpeg\" alt=\"\" \/><\/a><\/figure>\r\n<\/div>\r\n<div class=\"vce-image-gallery-item\">\r\n<figure class=\"vce-image-gallery-item-inner-wrapper\"><a class=\"vce-image-gallery-item-inner\" href=\"http:\/\/imeri.al\/wp-content\/uploads\/2024\/09\/Porcelan_03.jpeg\" data-lightbox=\"lightbox-b3910f08\"><img decoding=\"async\" class=\"vce-image-gallery-img\" title=\"Porcelan_03\" src=\"http:\/\/imeri.al\/wp-content\/uploads\/2024\/09\/Porcelan_03.jpeg\" alt=\"\" \/><\/a><\/figure>\r\n<\/div>\r\n<div class=\"vce-image-gallery-item\">\r\n<figure class=\"vce-image-gallery-item-inner-wrapper\"><a class=\"vce-image-gallery-item-inner\" href=\"http:\/\/imeri.al\/wp-content\/uploads\/2024\/09\/Porcelan_02.jpeg\" data-lightbox=\"lightbox-b3910f08\"><img decoding=\"async\" class=\"vce-image-gallery-img vce-image-gallery-img--orientation-portrait\" title=\"Porcelan_02\" src=\"http:\/\/imeri.al\/wp-content\/uploads\/2024\/09\/Porcelan_02.jpeg\" alt=\"\" \/><\/a><\/figure>\r\n<\/div>\r\n<div class=\"vce-image-gallery-item\">\r\n<figure class=\"vce-image-gallery-item-inner-wrapper\"><a class=\"vce-image-gallery-item-inner\" href=\"http:\/\/imeri.al\/wp-content\/uploads\/2024\/09\/Porcelan_01.jpeg\" data-lightbox=\"lightbox-b3910f08\"><img decoding=\"async\" class=\"vce-image-gallery-img vce-image-gallery-img--orientation-portrait\" title=\"Porcelan_01\" src=\"http:\/\/imeri.al\/wp-content\/uploads\/2024\/09\/Porcelan_01.jpeg\" alt=\"\" \/><\/a><\/figure>\r\n<\/div>\r\n<\/div>\r\n<\/div>\r\n<\/div>\r\n<\/div>\r\n<\/div>\r\n<\/div>\r\n\r\n<div id=\"el-8ff9e014\" class=\"vce-col vce-col--md-16-66p vce-col--xs-1 vce-col--xs-last vce-col--xs-first vce-col--sm-last vce-col--sm-first vce-col--md-last vce-col--lg-last vce-col--xl-last\">\r\n<div class=\"vce-col-inner\" data-vce-do-apply=\"border margin background  el-8ff9e014\">\r\n<div class=\"vce-col-content\" data-vce-element-content=\"true\" data-vce-do-apply=\"padding el-8ff9e014\"><div class=\"vcv-row-control-wrapper\">\u00a0<\/div><\/div>\r\n<\/div>\r\n<\/div>\r\n<\/div>\r\n<\/div>\r\n<\/div>\r\n","protected":false},"excerpt":{"rendered":"<p>\u00a0 \u00a0 REZIDENCA PORCELANI Projekti &#8220;Residenca Porcelani&#8221; \u00ebsht\u00eb nj\u00eb tjet\u00ebr projekt ku ne jemi n\u00ebnsip\u00ebrmarr\u00ebsit kryesor\u00eb n\u00eb nd\u00ebrtimin e strukturave t\u00eb betonit t\u00eb armuar. I pozicionuar n\u00eb &#8220;Rrug\u00ebn Xhanfize Keko, Xhamlliku, Nj\u00ebsia Bashkiake Nr. 3, Tiran\u00eb&#8221;, ky kompleks i banimit ofron pamje panoramike t\u00eb mrekullueshme dhe nj\u00eb standard t\u00eb lart\u00eb nd\u00ebrtimi me fasad\u00eb t\u00eb ventiluar,&#8230;<\/p>\n","protected":false},"author":1,"featured_media":0,"parent":0,"menu_order":0,"comment_status":"closed","ping_status":"closed","template":"","meta":{"_kadence_starter_templates_imported_post":false,"_kad_post_transparent":"default","_kad_post_title":"default","_kad_post_layout":"default","_kad_post_sidebar_id":"","_kad_post_content_style":"default","_kad_post_vertical_padding":"default","_kad_post_feature":"","_kad_post_feature_position":"","_kad_post_header":false,"_kad_post_footer":false,"footnotes":""},"class_list":["post-1799","page","type-page","status-publish","hentry"],"yoast_head":"<!-- This site is optimized with the Yoast SEO plugin v23.2 - https:\/\/yoast.com\/wordpress\/plugins\/seo\/ -->\r\n<title>REZIDENCA PORCELANI - IMERI7 SHPK<\/title>\r\n<meta name=\"robots\" content=\"index, follow, max-snippet:-1, max-image-preview:large, max-video-preview:-1\" \/>\r\n<link rel=\"canonical\" href=\"http:\/\/imeri.al\/index.php\/porcelani\/\" \/>\r\n<meta property=\"og:locale\" content=\"en_US\" \/>\r\n<meta property=\"og:type\" content=\"article\" \/>\r\n<meta property=\"og:title\" content=\"REZIDENCA PORCELANI - IMERI7 SHPK\" \/>\r\n<meta property=\"og:description\" content=\"\u00a0 \u00a0 REZIDENCA PORCELANI Projekti &quot;Residenca Porcelani&quot; \u00ebsht\u00eb nj\u00eb tjet\u00ebr projekt ku ne jemi n\u00ebnsip\u00ebrmarr\u00ebsit kryesor\u00eb n\u00eb nd\u00ebrtimin e strukturave t\u00eb betonit t\u00eb armuar. I pozicionuar n\u00eb &quot;Rrug\u00ebn Xhanfize Keko, Xhamlliku, Nj\u00ebsia Bashkiake Nr. 3, Tiran\u00eb&quot;, ky kompleks i banimit ofron pamje panoramike t\u00eb mrekullueshme dhe nj\u00eb standard t\u00eb lart\u00eb nd\u00ebrtimi me fasad\u00eb t\u00eb ventiluar,...\" \/>\r\n<meta property=\"og:url\" content=\"http:\/\/imeri.al\/index.php\/porcelani\/\" \/>\r\n<meta property=\"og:site_name\" content=\"IMERI7 SHPK\" \/>\r\n<meta property=\"article:modified_time\" content=\"2024-10-24T11:07:08+00:00\" \/>\r\n<meta property=\"og:image\" content=\"http:\/\/imeri.al\/wp-content\/uploads\/2024\/09\/Porcelan_04.jpeg\" \/>\r\n<meta name=\"twitter:card\" content=\"summary_large_image\" \/>\r\n<meta name=\"twitter:label1\" content=\"Est. reading time\" \/>\n\t<meta name=\"twitter:data1\" content=\"2 minutes\" \/>\r\n<script type=\"application\/ld+json\" class=\"yoast-schema-graph\">{\"@context\":\"https:\/\/schema.org\",\"@graph\":[{\"@type\":\"WebPage\",\"@id\":\"http:\/\/imeri.al\/index.php\/porcelani\/\",\"url\":\"http:\/\/imeri.al\/index.php\/porcelani\/\",\"name\":\"REZIDENCA PORCELANI - IMERI7 SHPK\",\"isPartOf\":{\"@id\":\"http:\/\/imeri.al\/#website\"},\"primaryImageOfPage\":{\"@id\":\"http:\/\/imeri.al\/index.php\/porcelani\/#primaryimage\"},\"image\":{\"@id\":\"http:\/\/imeri.al\/index.php\/porcelani\/#primaryimage\"},\"thumbnailUrl\":\"http:\/\/imeri.al\/wp-content\/uploads\/2024\/09\/Porcelan_04.jpeg\",\"datePublished\":\"2024-09-09T11:38:53+00:00\",\"dateModified\":\"2024-10-24T11:07:08+00:00\",\"breadcrumb\":{\"@id\":\"http:\/\/imeri.al\/index.php\/porcelani\/#breadcrumb\"},\"inLanguage\":\"en-US\",\"potentialAction\":[{\"@type\":\"ReadAction\",\"target\":[\"http:\/\/imeri.al\/index.php\/porcelani\/\"]}]},{\"@type\":\"ImageObject\",\"inLanguage\":\"en-US\",\"@id\":\"http:\/\/imeri.al\/index.php\/porcelani\/#primaryimage\",\"url\":\"http:\/\/imeri.al\/wp-content\/uploads\/2024\/09\/Porcelan_04.jpeg\",\"contentUrl\":\"http:\/\/imeri.al\/wp-content\/uploads\/2024\/09\/Porcelan_04.jpeg\"},{\"@type\":\"BreadcrumbList\",\"@id\":\"http:\/\/imeri.al\/index.php\/porcelani\/#breadcrumb\",\"itemListElement\":[{\"@type\":\"ListItem\",\"position\":1,\"name\":\"Home\",\"item\":\"http:\/\/imeri.al\/\"},{\"@type\":\"ListItem\",\"position\":2,\"name\":\"REZIDENCA PORCELANI\"}]},{\"@type\":\"WebSite\",\"@id\":\"http:\/\/imeri.al\/#website\",\"url\":\"http:\/\/imeri.al\/\",\"name\":\"IMERI7 SHPK\",\"description\":\"KOMPANI ND\u00cbRTIMI\",\"publisher\":{\"@id\":\"http:\/\/imeri.al\/#organization\"},\"potentialAction\":[{\"@type\":\"SearchAction\",\"target\":{\"@type\":\"EntryPoint\",\"urlTemplate\":\"http:\/\/imeri.al\/?s={search_term_string}\"},\"query-input\":\"required name=search_term_string\"}],\"inLanguage\":\"en-US\"},{\"@type\":\"Organization\",\"@id\":\"http:\/\/imeri.al\/#organization\",\"name\":\"IMERI7 SHPK\",\"url\":\"http:\/\/imeri.al\/\",\"logo\":{\"@type\":\"ImageObject\",\"inLanguage\":\"en-US\",\"@id\":\"http:\/\/imeri.al\/#\/schema\/logo\/image\/\",\"url\":\"http:\/\/imeri.al\/wp-content\/uploads\/2024\/09\/cropped-Logo-IMERI_Shpk-e1725877543494.png\",\"contentUrl\":\"http:\/\/imeri.al\/wp-content\/uploads\/2024\/09\/cropped-Logo-IMERI_Shpk-e1725877543494.png\",\"width\":99,\"height\":99,\"caption\":\"IMERI7 SHPK\"},\"image\":{\"@id\":\"http:\/\/imeri.al\/#\/schema\/logo\/image\/\"}}]}<\/script>\r\n<!-- \/ Yoast SEO plugin. -->","yoast_head_json":{"title":"REZIDENCA PORCELANI - IMERI7 SHPK","robots":{"index":"index","follow":"follow","max-snippet":"max-snippet:-1","max-image-preview":"max-image-preview:large","max-video-preview":"max-video-preview:-1"},"canonical":"http:\/\/imeri.al\/index.php\/porcelani\/","og_locale":"en_US","og_type":"article","og_title":"REZIDENCA PORCELANI - IMERI7 SHPK","og_description":"\u00a0 \u00a0 REZIDENCA PORCELANI Projekti \"Residenca Porcelani\" \u00ebsht\u00eb nj\u00eb tjet\u00ebr projekt ku ne jemi n\u00ebnsip\u00ebrmarr\u00ebsit kryesor\u00eb n\u00eb nd\u00ebrtimin e strukturave t\u00eb betonit t\u00eb armuar. I pozicionuar n\u00eb \"Rrug\u00ebn Xhanfize Keko, Xhamlliku, Nj\u00ebsia Bashkiake Nr. 3, Tiran\u00eb\", ky kompleks i banimit ofron pamje panoramike t\u00eb mrekullueshme dhe nj\u00eb standard t\u00eb lart\u00eb nd\u00ebrtimi me fasad\u00eb t\u00eb ventiluar,...","og_url":"http:\/\/imeri.al\/index.php\/porcelani\/","og_site_name":"IMERI7 SHPK","article_modified_time":"2024-10-24T11:07:08+00:00","og_image":[{"url":"http:\/\/imeri.al\/wp-content\/uploads\/2024\/09\/Porcelan_04.jpeg"}],"twitter_card":"summary_large_image","twitter_misc":{"Est. reading time":"2 minutes"},"schema":{"@context":"https:\/\/schema.org","@graph":[{"@type":"WebPage","@id":"http:\/\/imeri.al\/index.php\/porcelani\/","url":"http:\/\/imeri.al\/index.php\/porcelani\/","name":"REZIDENCA PORCELANI - IMERI7 SHPK","isPartOf":{"@id":"http:\/\/imeri.al\/#website"},"primaryImageOfPage":{"@id":"http:\/\/imeri.al\/index.php\/porcelani\/#primaryimage"},"image":{"@id":"http:\/\/imeri.al\/index.php\/porcelani\/#primaryimage"},"thumbnailUrl":"http:\/\/imeri.al\/wp-content\/uploads\/2024\/09\/Porcelan_04.jpeg","datePublished":"2024-09-09T11:38:53+00:00","dateModified":"2024-10-24T11:07:08+00:00","breadcrumb":{"@id":"http:\/\/imeri.al\/index.php\/porcelani\/#breadcrumb"},"inLanguage":"en-US","potentialAction":[{"@type":"ReadAction","target":["http:\/\/imeri.al\/index.php\/porcelani\/"]}]},{"@type":"ImageObject","inLanguage":"en-US","@id":"http:\/\/imeri.al\/index.php\/porcelani\/#primaryimage","url":"http:\/\/imeri.al\/wp-content\/uploads\/2024\/09\/Porcelan_04.jpeg","contentUrl":"http:\/\/imeri.al\/wp-content\/uploads\/2024\/09\/Porcelan_04.jpeg"},{"@type":"BreadcrumbList","@id":"http:\/\/imeri.al\/index.php\/porcelani\/#breadcrumb","itemListElement":[{"@type":"ListItem","position":1,"name":"Home","item":"http:\/\/imeri.al\/"},{"@type":"ListItem","position":2,"name":"REZIDENCA PORCELANI"}]},{"@type":"WebSite","@id":"http:\/\/imeri.al\/#website","url":"http:\/\/imeri.al\/","name":"IMERI7 SHPK","description":"KOMPANI ND\u00cbRTIMI","publisher":{"@id":"http:\/\/imeri.al\/#organization"},"potentialAction":[{"@type":"SearchAction","target":{"@type":"EntryPoint","urlTemplate":"http:\/\/imeri.al\/?s={search_term_string}"},"query-input":"required name=search_term_string"}],"inLanguage":"en-US"},{"@type":"Organization","@id":"http:\/\/imeri.al\/#organization","name":"IMERI7 SHPK","url":"http:\/\/imeri.al\/","logo":{"@type":"ImageObject","inLanguage":"en-US","@id":"http:\/\/imeri.al\/#\/schema\/logo\/image\/","url":"http:\/\/imeri.al\/wp-content\/uploads\/2024\/09\/cropped-Logo-IMERI_Shpk-e1725877543494.png","contentUrl":"http:\/\/imeri.al\/wp-content\/uploads\/2024\/09\/cropped-Logo-IMERI_Shpk-e1725877543494.png","width":99,"height":99,"caption":"IMERI7 SHPK"},"image":{"@id":"http:\/\/imeri.al\/#\/schema\/logo\/image\/"}}]}},"_links":{"self":[{"href":"http:\/\/imeri.al\/index.php\/wp-json\/wp\/v2\/pages\/1799","targetHints":{"allow":["GET"]}}],"collection":[{"href":"http:\/\/imeri.al\/index.php\/wp-json\/wp\/v2\/pages"}],"about":[{"href":"http:\/\/imeri.al\/index.php\/wp-json\/wp\/v2\/types\/page"}],"author":[{"embeddable":true,"href":"http:\/\/imeri.al\/index.php\/wp-json\/wp\/v2\/users\/1"}],"replies":[{"embeddable":true,"href":"http:\/\/imeri.al\/index.php\/wp-json\/wp\/v2\/comments?post=1799"}],"version-history":[{"count":5,"href":"http:\/\/imeri.al\/index.php\/wp-json\/wp\/v2\/pages\/1799\/revisions"}],"predecessor-version":[{"id":1966,"href":"http:\/\/imeri.al\/index.php\/wp-json\/wp\/v2\/pages\/1799\/revisions\/1966"}],"wp:attachment":[{"href":"http:\/\/imeri.al\/index.php\/wp-json\/wp\/v2\/media?parent=1799"}],"curies":[{"name":"wp","href":"https:\/\/api.w.org\/{rel}","templated":true}]}}